{"id":3393,"date":"2022-05-24T22:59:48","date_gmt":"2022-05-24T22:59:48","guid":{"rendered":"https:\/\/ayudasparatodos3d.com\/?post_type=product&#038;p=3393"},"modified":"2022-05-24T23:37:24","modified_gmt":"2022-05-24T23:37:24","slug":"regla-tactil-con-graduacion","status":"publish","type":"product","link":"https:\/\/ayudasparatodos3d.com\/index.php\/product\/regla-tactil-con-graduacion\/","title":{"rendered":"Regla t\u00e1ctil con graduaci\u00f3n"},"content":{"rendered":"<p>Regla t\u00e1ctil con graduaci\u00f3n<\/p>\n","protected":false},"excerpt":{"rendered":"<p>Regla t\u00e1ctil con graduaci\u00f3n<\/p>\n","protected":false},"featured_media":3399,"template":"","meta":{"om_disable_all_campaigns":false,"_monsterinsights_skip_tracking":false,"_monsterinsights_sitenote_active":false,"_monsterinsights_sitenote_note":"","_monsterinsights_sitenote_category":0},"product_cat":[101],"product_tag":[154,153,124,157,125,118,172,155,177,126,156],"_links":{"self":[{"href":"https:\/\/ayudasparatodos3d.com\/index.php\/wp-json\/wp\/v2\/product\/3393"}],"collection":[{"href":"https:\/\/ayudasparatodos3d.com\/index.php\/wp-json\/wp\/v2\/product"}],"about":[{"href":"https:\/\/ayudasparatodos3d.com\/index.php\/wp-json\/wp\/v2\/types\/product"}],"version-history":[{"count":1,"href":"https:\/\/ayudasparatodos3d.com\/index.php\/wp-json\/wp\/v2\/product\/3393\/revisions"}],"predecessor-version":[{"id":3401,"href":"https:\/\/ayudasparatodos3d.com\/index.php\/wp-json\/wp\/v2\/product\/3393\/revisions\/3401"}],"wp:featuredmedia":[{"embeddable":true,"href":"https:\/\/ayudasparatodos3d.com\/index.php\/wp-json\/wp\/v2\/media\/3399"}],"wp:attachment":[{"href":"https:\/\/ayudasparatodos3d.com\/index.php\/wp-json\/wp\/v2\/media?parent=3393"}],"wp:term":[{"taxonomy":"product_cat","embeddable":true,"href":"https:\/\/ayudasparatodos3d.com\/index.php\/wp-json\/wp\/v2\/product_cat?post=3393"},{"taxonomy":"product_tag","embeddable":true,"href":"https:\/\/ayudasparatodos3d.com\/index.php\/wp-json\/wp\/v2\/product_tag?post=3393"}],"curies":[{"name":"wp","href":"https:\/\/api.w.org\/{rel}","templated":true}]}}